{"id":2,"date":"2006-09-15T00:15:27","date_gmt":"2006-09-14T22:15:27","guid":{"rendered":""},"modified":"2024-12-29T15:18:33","modified_gmt":"2024-12-29T14:18:33","slug":"about","status":"publish","type":"page","link":"https:\/\/www.schwetter.de\/blog\/?page_id=2","title":{"rendered":"\u00dcber mich"},"content":{"rendered":"<p>&#8230;geboren im Jahr der Mondlandung, von der die Videoaufnahmen verlegt wurden (nicht in einem Verlag, sondern einfach verloren), am internationalen Tag der Milch. Ein Sonntag. Was muss man noch wissen?<\/p>\n<p><a href=\"https:\/\/www.schwetter.de\/blog\/wp-content\/uploads\/2019\/01\/HolgerSchwetter-01-2018-e1546520016407.jpg\"><img loading=\"lazy\" decoding=\"async\" class=\"size-medium wp-image-444\" src=\"https:\/\/www.schwetter.de\/blog\/wp-content\/uploads\/2019\/01\/HolgerSchwetter-01-2018-300x253.jpg\" alt=\"Portrait Holger Januar 2018\" width=\"300\" height=\"253\" \/><\/a><\/p>\n<p>T\u00e4tig bin ich als Musikwissenschafler (mit den Schwerpunkten popul\u00e4re Musik, Musikanalyse, Urheberrecht und Musiksoziologie), Kulturmanager und Musiker. Von 2012 bis April 2014 promovierte ich im Kolleg &#8222;<a href=\"http:\/\/www.produktivitaetvonkultur.de\/\">Die Produktivit\u00e4t von Kultur<\/a>&#8220; zu Musikern, die sich selbst managen und Creative-Commons-Lizenzen benutzen (<a href=\"https:\/\/www.schwetter.de\/blog\/?page_id=341\">hier ist die Seite zum Buch<\/a>). Von Mai 2014 bis Dezember 2017 arbeitete ich zun\u00e4chst an der Leuphana Universit\u00e4t L\u00fcneburg, dann an der TU Dresden am Institut f\u00fcr Soziologie in einem Forschungsprojekt zu popul\u00e4rer Musik und sozialem Wandel: <a href=\"http:\/\/www.aesthetische-eigenzeiten.de\/projekt\/popmusik\/beschreibung\/\" target=\"_blank\" rel=\"noopener\">Time has come today<\/a>.<\/p>\n<p>Von September 2018 bis November 2022 war ich 2. Vorsitzender im Vorstand der <a href=\"http:\/\/musikwirtschaftsforschung.de\/\">Gesellschaft f\u00fcr Musikwirtschafts- und Musikkulturforschung (GMM)<\/a>.<\/p>\n<p>Nach verschiedenen Lehrauftr\u00e4gen, u.a. an der <a href=\"https:\/\/www.my-campus-berlin.com\/de\/\">H:G, Berlin, <\/a>der <a href=\"https:\/\/www.hs-osnabrueck.de\/wir\/fakultaeten\/ifm\">Hochschule Osnabr\u00fcck<\/a> und der <a href=\"https:\/\/kw.uni-paderborn.de\/fach-musik\/\">Universit\u00e4t Paderborn<\/a> war ich von Oktober 2020 bis Dezember 2023 als wissenschaftlicher Mitarbeiter am Lehrstuhl f\u00fcr Systematische Musikwissenschaft (Prof. Dr. Jan Hemming), <a href=\"https:\/\/www.uni-kassel.de\/fb01\/institute\/institut-fuer-musik\/\">Institut f\u00fcr Musik der Universit\u00e4t Kassel<\/a> angestellt.<\/p>\n<p>Von April 2020 bis Dezember 2023 war ich zudem als Kulturentwickler im <a href=\"https:\/\/www.osnabrueck.de\/kultur\">Fachbereich Kultur der Stadt Osnabr\u00fcck<\/a> angestellt.<\/p>\n<p>Seit Januar 2024 leite ich Abteilung <a href=\"_wp_link_placeholder\" data-wplink-edit=\"true\">Kulturf\u00f6rderung und -beratung<\/a> im Kulturamt der Stadt Kassel.<\/p>\n<p>Vor der Wissenschaft habe ich lange Jahre in der Medienproduktion gearbeitet und war gesch\u00e4ftsf\u00fchrender Vorstand im Medienlabor <a href=\"http:\/\/werk.statt.de\">werk.statt<\/a>.<\/p>\n<p>Ich mache auch gerne Musik und Verwandtes. Siehe hierzu die Seite <a href=\"https:\/\/www.schwetter.de\/blog\/?page_id=397\">Medien<\/a> und die Webseite meiner Band <a href=\"http:\/\/von-korf.eu\/\" target=\"_blank\" rel=\"noopener\">Von Korf<\/a>.<\/p>\n","protected":false},"excerpt":{"rendered":"<p>&#8230;geboren im Jahr der Mondlandung, von der die Videoaufnahmen verlegt wurden (nicht in einem Verlag, sondern einfach verloren), am internationalen Tag der Milch. Ein Sonntag. Was muss man noch wissen? T\u00e4tig bin ich als Musikwissenschafler (mit den Schwerpunkten popul\u00e4re Musik, &hellip; <a href=\"https:\/\/www.schwetter.de\/blog\/?page_id=2\">Weiterlesen <span class=\"meta-nav\">&rarr;<\/span><\/a><\/p>\n","protected":false},"author":1,"featured_media":0,"parent":0,"menu_order":0,"comment_status":"open","ping_status":"open","template":"","meta":{"footnotes":""},"class_list":["post-2","page","type-page","status-publish","hentry"],"_links":{"self":[{"href":"https:\/\/www.schwetter.de\/blog\/index.php?rest_route=\/wp\/v2\/pages\/2","targetHints":{"allow":["GET"]}}],"collection":[{"href":"https:\/\/www.schwetter.de\/blog\/index.php?rest_route=\/wp\/v2\/pages"}],"about":[{"href":"https:\/\/www.schwetter.de\/blog\/index.php?rest_route=\/wp\/v2\/types\/page"}],"author":[{"embeddable":true,"href":"https:\/\/www.schwetter.de\/blog\/index.php?rest_route=\/wp\/v2\/users\/1"}],"replies":[{"embeddable":true,"href":"https:\/\/www.schwetter.de\/blog\/index.php?rest_route=%2Fwp%2Fv2%2Fcomments&post=2"}],"version-history":[{"count":25,"href":"https:\/\/www.schwetter.de\/blog\/index.php?rest_route=\/wp\/v2\/pages\/2\/revisions"}],"predecessor-version":[{"id":724,"href":"https:\/\/www.schwetter.de\/blog\/index.php?rest_route=\/wp\/v2\/pages\/2\/revisions\/724"}],"wp:attachment":[{"href":"https:\/\/www.schwetter.de\/blog\/index.php?rest_route=%2Fwp%2Fv2%2Fmedia&parent=2"}],"curies":[{"name":"wp","href":"https:\/\/api.w.org\/{rel}","templated":true}]}}

Über mich

<p>&#8230;geboren im Jahr der Mondlandung, von der die Videoaufnahmen verlegt wurden (nicht in einem Verlag, sondern einfach verloren), am internationalen Tag der Milch. Ein Sonntag. Was muss man noch wissen?</p>
<p><a href="https://www.schwetter.de/blog/wp-content/uploads/2019/01/HolgerSchwetter-01-2018-e1546520016407.jpg"><img loading="lazy" decoding="async" class="size-medium wp-image-444" src="https://www.schwetter.de/blog/wp-content/uploads/2019/01/HolgerSchwetter-01-2018-300x253.jpg" alt="Portrait Holger Januar 2018" width="300" height="253" /></a></p>
<p>Tätig bin ich als Musikwissenschafler (mit den Schwerpunkten populäre Musik, Musikanalyse, Urheberrecht und Musiksoziologie), Kulturmanager und Musiker. Von 2012 bis April 2014 promovierte ich im Kolleg &#8222;<a href="http://www.produktivitaetvonkultur.de/">Die Produktivität von Kultur</a>&#8220; zu Musikern, die sich selbst managen und Creative-Commons-Lizenzen benutzen (<a href="https://www.schwetter.de/blog/?page_id=341">hier ist die Seite zum Buch</a>). Von Mai 2014 bis Dezember 2017 arbeitete ich zunächst an der Leuphana Universität Lüneburg, dann an der TU Dresden am Institut für Soziologie in einem Forschungsprojekt zu populärer Musik und sozialem Wandel: <a href="http://www.aesthetische-eigenzeiten.de/projekt/popmusik/beschreibung/" target="_blank" rel="noopener">Time has come today</a>.</p>
<p>Von September 2018 bis November 2022 war ich 2. Vorsitzender im Vorstand der <a href="http://musikwirtschaftsforschung.de/">Gesellschaft für Musikwirtschafts- und Musikkulturforschung (GMM)</a>.</p>
<p>Nach verschiedenen Lehraufträgen, u.a. an der <a href="https://www.my-campus-berlin.com/de/">H:G, Berlin, </a>der <a href="https://www.hs-osnabrueck.de/wir/fakultaeten/ifm">Hochschule Osnabrück</a> und der <a href="https://kw.uni-paderborn.de/fach-musik/">Universität Paderborn</a> war ich von Oktober 2020 bis Dezember 2023 als wissenschaftlicher Mitarbeiter am Lehrstuhl für Systematische Musikwissenschaft (Prof. Dr. Jan Hemming), <a href="https://www.uni-kassel.de/fb01/institute/institut-fuer-musik/">Institut für Musik der Universität Kassel</a> angestellt.</p>
<p>Von April 2020 bis Dezember 2023 war ich zudem als Kulturentwickler im <a href="https://www.osnabrueck.de/kultur">Fachbereich Kultur der Stadt Osnabrück</a> angestellt.</p>
<p>Seit Januar 2024 leite ich Abteilung <a href="_wp_link_placeholder" data-wplink-edit="true">Kulturförderung und -beratung</a> im Kulturamt der Stadt Kassel.</p>
<p>Vor der Wissenschaft habe ich lange Jahre in der Medienproduktion gearbeitet und war geschäftsführender Vorstand im Medienlabor <a href="http://werk.statt.de">werk.statt</a>.</p>
<p>Ich mache auch gerne Musik und Verwandtes. Siehe hierzu die Seite <a href="https://www.schwetter.de/blog/?page_id=397">Medien</a> und die Webseite meiner Band <a href="http://von-korf.eu/" target="_blank" rel="noopener">Von Korf</a>.</p>

<p>&#8230;geboren im Jahr der Mondlandung, von der die Videoaufnahmen verlegt wurden (nicht in einem Verlag, sondern einfach verloren), am internationalen Tag der Milch. Ein Sonntag. Was muss man noch wissen? Tätig bin ich als Musikwissenschafler (mit den Schwerpunkten populäre Musik, &hellip; <a href="https://www.schwetter.de/blog/?page_id=2">Weiterlesen <span class="meta-nav">&rarr;</span></a></p>
