{"id":369,"date":"2017-12-04T13:34:20","date_gmt":"2017-12-04T11:34:20","guid":{"rendered":"http:\/\/www.schwetter.de\/blog\/?page_id=369"},"modified":"2022-11-02T13:27:11","modified_gmt":"2022-11-02T12:27:11","slug":"vortraege-presentations-and-papers","status":"publish","type":"page","link":"https:\/\/www.schwetter.de\/blog\/?page_id=369","title":{"rendered":"Vortr\u00e4ge (presentations)"},"content":{"rendered":"<h3>Auswahl (selection)<\/h3>\n<table>\n<tbody>\n<tr>\n<td>21.10.2022<\/td>\n<td>&#8222;Pop-Mainstream, Subkultur und der Kanon: Das Beispiel der Women\u00b4s Music der USA in den 1970er und 1980er Jahren&#8220; <em>Parallelgesellschaften<\/em>. 5. IASPM-D-A-CH-TAGUNG || 32. GFPM-TAGUNG, Wien, Austria.<\/td>\n<\/tr>\n<tr>\n<td>30.10.2022<\/td>\n<td>&#8222;Die Schallplattensammlung als Sediment kultureller und sozialer Werte? Werkstattbericht zur Ann\u00e4herung an die Schallplattensammlung einer US-amerikanischen Musikerin und Women Rights Aktivistin <em>Nach der Norm: Musikwissenschaft im 21. Jahrhundert<\/em>. Jahrestagung der Gesellschaft f\u00fcr Musikforschung, Berlin, Germany.<\/td>\n<\/tr>\n<tr>\n<td>18.09.2022<\/td>\n<td>&#8222;Wie wird Urheberrecht interessant und zu einem Thema in der Musikp\u00e4dagogik?&#8220; <em>Der Welt abhanden gekommen? Zur Relevanz von Musikunterricht im gesellschaftlichen Dialog<\/em>. Eine kooperative Tagung von Bundesfachgruppe Musikp\u00e4dagogik, AG Schulmusik und KMpWH, Leipzig, Germany.<\/td>\n<\/tr>\n<tr>\n<td>05.07.2022<\/td>\n<td>&#8222;&#8218;Finally Real&#8216;. The vinyl record collection of a lesbian musician as an alternative popular music narrative&#8220; <em>Climates Of Popular Music<\/em>. IASPM XXI 2022, Daegu, South Korea<\/td>\n<\/tr>\n<tr>\n<td>13.03.2021<\/td>\n<td>&#8222;&#8218;Wild Women don\u00b4t get the Blues&#8216;. Die Schallplattensammlung einer LGBT*-Aktivistin als alternative popmusikalische Erz\u00e4hlung.&#8220; <em>Transformational Pop &#8211; Transitions, Breaks, and Crises in Popular Music (Studies)<\/em>. 4th IASPM D-A-CH Conference, Paderborn University, Germany.<\/td>\n<\/tr>\n<tr>\n<td>29.02.2020<\/td>\n<td>&#8222;From Record Contract to Artrepreneur? Musicians\u2019 Self-Management and a New Illusio on the Music Market&#8220;. International Conference <em>Creative Identities In Transition: Higher Music Education &amp; Employability in the 21st Century<\/em>, University of Music and Performing Arts Vienna.<\/td>\n<\/tr>\n<tr>\n<td>28.11.2019<\/td>\n<td>&#8222;Popmusik als Medium gesellschaftlicher Transformationen. Diskotheken und ihr Beitrag zum sozialen Wandel nach 68 und vor 89 in der Bundesrepublik und der DDR&#8220;. \u00d6ffentlicher Abendvortrag mit Dominik Schrage und Anne-Kathrin Hoklas auf der Tagung der Sektion Kultursoziologie der Deutschen Gesellschaft f\u00fcr Soziologie <em>Kulturelle Medien gesellschaftlicher Transformation<\/em>, Kulturverein riesa efau \/ Universit\u00e4t Dresden.<\/td>\n<\/tr>\n<tr>\n<td>29.05.2019<\/td>\n<td>\u201eFetter Sound f\u00fcr irre Zeiten? Popmusik und Musiksoziologie heute\u201c. Ringvorlesung <em>Musik in Gesellschaft. Herausforderungen an die musikalische Sozialforschung im 21. Jahrhundert<\/em>, Institut f\u00fcr Musikwissenschaft, Universit\u00e4t Leipzig.<\/td>\n<\/tr>\n<tr>\n<td>24.04.2019<\/td>\n<td>\u201eAlternative Licensing in music distribution: Taking monetisation from theory into practice.\u201c Impulsvortrag beim Workshop <em>Music Pool x HKW Community Evening: Rethinking Copyright<\/em>, ACUD Studio, Berlin.<\/td>\n<\/tr>\n<tr>\n<td>22.11.2018<\/td>\n<td>\u201cFrom Record Contract to Artrepreneur?\u201d Vortrag auf der Tagung <em>Cultural Practices and Policies in the Digital Age<\/em>, 22. bis 23. November 2018, Ateneo de Manila University, Philippinen.<\/td>\n<\/tr>\n<tr>\n<td>20.11.2018<\/td>\n<td>\u201eInside the rock discotheque. Finding listening situations specific musical means and their social relevance.\u201c Vortrag an der Aichi University of Arts, Nagoya, Japan.<\/td>\n<\/tr>\n<tr>\n<td>17.11.2018<\/td>\n<td>\u201ePopular music, cultural globalization and identity constructions in Germany and Korea. Outline of a comparative study\u201c. Vortrag auf der Tagung <em>Popular Culture: Gender, Minority, Migration, and Identity. The 6th World Congress for Hallyu<\/em>. Kansai Gaidai University, Osaka, Japan.<\/td>\n<\/tr>\n<tr>\n<td>28.09.2018<\/td>\n<td>\u201e\u00bbAlso das war \u201eOah!\u201c, begeisternd, ne?\u00ab Methodische Herausforderungen bei der empirischen Erforschung historischen Musik-Erlebens\u201c. Vortrag auf der <em>Jahrestagung der Gesellschaft f\u00fcr Musikforschung<\/em>, Universit\u00e4t Osnabr\u00fcck.<\/td>\n<\/tr>\n<tr>\n<td>27.09.2018<\/td>\n<td>\u201eReferentielle Medienpraktiken im Spannungsfeld zwischen technischer Reproduzierbarkeit und urheberrechtlicher Regulation: Probleme, Handlungsfelder, L\u00f6sungswege\u201c. Workshop mit Sarah Mai-Dang und Sibel Kocatepe auf der Tagung <em>Industrie. Eine Jahrestagung der Gesellschaft fu?r Medienwissenschaft<\/em>, Universit\u00e4t Siegen.<\/td>\n<\/tr>\n<tr>\n<td>02.05.2018<\/td>\n<td>\u201eMetall auf Metall, Kunstfreiheit &amp; Urheberrechte\u201c. Podiumsdiskussion, <em>re:publica 18<\/em>, Berlin.<\/td>\n<\/tr>\n<tr>\n<td>22.11.2017<\/td>\n<td>\u201eVerwertungsgesellschaften und Musik \u2013 Geschichte, Herausforderungen, neue Wege.\u201c Moderation des Workshops des Alexander von Humboldt Instituts f\u00fcr Internet und Gesellschaft und Haus der Kulturen der Welt, Berlin.<\/td>\n<\/tr>\n<tr>\n<td>14.11.2017<\/td>\n<td>\u201eEnvironment, Sound, Performance, Tanz? Musikerleben in der Rockdiscothek\u201c. Vortrag im Rahmen der Ringvorlesung <em>Aktuelle Perspektiven zur Klangforschung<\/em>, Institut f\u00fcr Musikwissenschaft, TU Dresden.<\/td>\n<\/tr>\n<tr>\n<td>21.10.2017<\/td>\n<td>\u201eThe social role of rock music in East- and Westgermany and its aftermath\u201c. Vortrag auf dem <em>5th World Congress for Hallyu<\/em>, Seoul, S\u00fcdkorea.<\/td>\n<\/tr>\n<tr>\n<td>28.06.2017<\/td>\n<td>\u201eChronotopic music analysis: Reconstructing the interplay of musical experience, musical form and sociality\u201c. Votrag auf der Tagung <em>Popular Music Studies Today<\/em>, 19th-biennial-iaspm-conference, 26. bis 30. Juni 2017, Kassel.<\/td>\n<\/tr>\n<tr>\n<td>17.03.2017<\/td>\n<td>\u201eVarianten der Wiederholung. Musik und ihre Nutzung in der Musikgeschichte\u201c. Vortrag, 10. <em>Internationales Minimal Music Festival<\/em>, 17. bis 19. M\u00e4rz 2017, Kassel.<\/td>\n<\/tr>\n<tr>\n<td>25.01.2017<\/td>\n<td>\u201eChronotopische Musikanalyse der Rockdiskothek: ein musiktheoretischer und empirischer Zugang zu Musik-Erleben und musikalischer Form\u201c. Vortrag in der Reihe <em>Research Roundtable<\/em>, Kunstuniversit\u00e4t Graz, Institut f\u00fcr Jazz-Forschung.<\/td>\n<\/tr>\n<tr>\n<td>24.10.2016<\/td>\n<td>\u201ePopul\u00e4re Musik als Medium des gesellschaftlichen Wandels\u201c. Vortrag beim s\u00e4chsischen Institut f\u00fcr Volkskunde, Dresden.<\/td>\n<\/tr>\n<tr>\n<td>14.10.2016<\/td>\n<td>(mit Dominik Schrage) \u201ePopmusikalische Chronotopoi und Epochenbildung\u201c. Vortrag bei der Tagung <em>\u00c4sthetische Eigenzeiten. Zeit und Darstellung in der polychronen Moderne<\/em> an der Friedrich-Schiller-Universit\u00e4t Jena, 13. bis 15. Oktober 2016.<\/td>\n<\/tr>\n<tr>\n<td>15.09.2016<\/td>\n<td>\u201eArtrepreneure? Musiker*innen und Selbstmanagement. Theoretische Konzepte, Erkenntnisse aus der Empirie und ein Vergleich mit den 1990er Jahren\u201c. Vortrag beim <em>Summer Institute Media, Culture and Economic Developments for Musicpreneurs<\/em> der Gesellschaft f\u00fcr Musikwirtschafts- und Musikkulturforschung (GMMSI). 14. bis 20. September 2016, Porto, Portugal<\/td>\n<\/tr>\n<tr>\n<td>14.09.2016<\/td>\n<td>\u201eChronotopische Musikanalyse als Zugang zu musikalischem Erleben und musikalischer Form\u201c. Vortrag bei der Fachgruppe Soziologie und Sozialgeschichte der Musik im Rahmen der <em>Jahrestagung der Gesellschaft f\u00fcr Musikforschun<\/em>g, 12. bis 16. September 2016, Mainz.<\/td>\n<\/tr>\n<tr>\n<td>24.06.2016<\/td>\n<td>\u201eEigenzeiten und Rhythmisierungen\u201c. Vortrag auf dem Workshop Zeitordnungen\/Zeitbegriffe des SPP 1688 <em>\u00c4sthetische Eigenzeiten. Zeit und Darstellung in der polychronen Moderne<\/em> an der Leibniz Universita?t Hannover, 24. bis 25. Juni 2016.<\/td>\n<\/tr>\n<tr>\n<td>28.05.2016<\/td>\n<td>(mit Anne-Kathrin Hoklas) \u201eAufbruch im Nirgendwo. \u00c4sthetische und soziale Eigenzeiten in der westdeutschen \u203aprogressiven Landdiskothek\u2039 der 1970er Jahre\u201c. Vortrag auf der Tagung <em>Zeiten des Aufbruchs: Der lange Sommer popul\u00e4rer Musikkulturen und der gesellschaftliche Wandel 1965\u20131985<\/em>, TU Dresden, 26.bis 28. Mai 2016.<\/td>\n<\/tr>\n<tr>\n<td>26.05.2016<\/td>\n<td>(mit Dominik Schrage) \u201eZeiten des Aufbruchs. Popmusik und gesellschaftlicher Wandel seit den 1960er Jahren\u201c. Vortrag auf der Tagung <em>Zeiten des Aufbruchs: Der lange Sommer popul\u00e4rer Musikkulturen und der gesellschaftliche Wandel 1965\u20131985<\/em>, TU Dresden, 26.bis 28. Mai 2016.<\/td>\n<\/tr>\n<tr>\n<td>27.11.2015<\/td>\n<td>\u201eFeldzug\u00e4nge und Kartierungen zu vergangenen popmusikalischen T\u00e4tigkeiten in der Provinz\u201c, Vortrag bei der Tagung <em>(\u00dcber)Leben in der Provinz<\/em> am Fachbereich angewandte Humanwissenschaften der Hochschule Magdeburg-Stendal.<\/td>\n<\/tr>\n<tr>\n<td>21.11.2015<\/td>\n<td>\u201eProgressive Landdiskotheken und die Entstehung einer neuen Musikkultur in der norddeutschen Provinz in den 1970er Jahren\u201c, Vortrag bei der Tagung <em>Aneignungsformen popul\u00e4rer Musik<\/em>. 26. Arbeitstagung der Gesellschaft f\u00fcr Popularmusikforschung e.V. am Institut f\u00fcr Musik und ihre Vermittlung der TU Carola Wilhelmina zu Braunschweig.<\/td>\n<\/tr>\n<tr>\n<td>30.09.2015<\/td>\n<td>\u201eSharing &#8211; what else? Self-management, free music distribution and copyright\u201c, Vortrag bei der Tagung Vienna Music Business Research Days: Financing Music in the Digital Age am Institut f\u00fcr Kulturmanagement und Kulturwissenschaft, Universit\u00e4t f\u00fcr Musik und darstellende Kunst, Wien.<\/td>\n<\/tr>\n<tr>\n<td>09.09.2015<\/td>\n<td>\u201eVom pragmatischen Umgang unabha?ngiger Musiker mit dem Urheberrecht\u201c, Vortrag bei der Tagung Versprechungen des Rechts. Dritter Kongress der deutschsprachigen Rechtssoziologie-Vereinigungen am Institut f\u00fcr interdisziplin\u00e4re Rechtsforschung, Humboldt-Universit\u00e4t zu Berlin.<\/td>\n<\/tr>\n<tr>\n<td>03.07.2015<\/td>\n<td>\u201e\u00bbTime has come today\u00ab. Special time patterns of pop-musical chronotopes and their impact on the temporal differentiation of life worlds since the 1960s\u201c, Vortrag bei der Tagung Back to the Future: Popular Music and Time. 18th biennial iaspm conference an der State University of Campinas, Brasilien.<\/td>\n<\/tr>\n<tr>\n<td>02.05.2015<\/td>\n<td>\u201eMusik und Urheberrecht \u2013 eine politische Beziehung?\u201c, Workshop beim Treffen des Arbeitskreis Musik in der Friedrich-Ebert-Stiftung, Kassel.<\/td>\n<\/tr>\n<tr>\n<td>24.04.2015<\/td>\n<td>\u201e\u00bbwalking in the rain\u00ab. disappointment and the turning point form &#8218;progressive&#8216; to &#8217;negative&#8216; music\u201c, Vortrag bei der Tagung Dark Sound: Destructive Pop 2015 an der Academy of Music and Theatre Art, Falmouth, England.<\/td>\n<\/tr>\n<tr>\n<td>25.03.2015<\/td>\n<td>\u201ePopmusikalische Eigenzeiten und alternative Zeitkonzepte\u201c, Vortrag auf der Tagung Thinking Together \u2013 The Politics Of Time des Festivals Maerzmusik. Festival f\u00fcr Zeitfragen, Berlin.<\/td>\n<\/tr>\n<tr>\n<td>07.03.2015<\/td>\n<td>\u201eTeilen \u2013 und dann? Der Zusammenhang von Erfolgsniveau, Monetarisierung und Handhabung von Urheberrechtsfragen bei unabha?ngigen Musikern unter besonderer Beru?cksichtigung von Creative Commons Lizenzen\u201c, Vortrag bei der Tagung Fachgruppentreffen Systematische Musikwissenschaft in der Gesellschaft f\u00fcr Musikforschung am Institut f\u00fcr Musik, Universit\u00e4t Osnabr\u00fcck.<\/td>\n<\/tr>\n<tr>\n<td>05.02.2015<\/td>\n<td>\u201eDas Konzept des Chronotopos bei Bachtin und Anderen\u201c, Vortrag bei der Tagung Zeiten der Form, Formen der Zeit, Deutsches Seminar, Leibniz Universit\u00e4t Hannover.<\/td>\n<\/tr>\n<tr>\n<td>14.11.2014<\/td>\n<td>\u201eVom pragmatischen Umgang unabha?ngiger Musiker mit dem Urheberrecht\u201c, Vortrag bei der Tagung Die Produktivit\u00e4t von Musikkulturen. 14. und 15. November 2014, Universit\u00e4t Kassel.<\/td>\n<\/tr>\n<tr>\n<td>02.10.2014<\/td>\n<td>\u201eTeilen \u2013 und dann? Der Zusammenhang von Erfolgsniveau, Monetarisierung und Handhabung von Urheberrechtsfragen bei unabha?ngigen Musikern unter besonderer Beru?cksichtigung von Creative Commons Lizenzen\u201c, Vortrag bei der Tagung The Languages Of Popular Music. Communicating Regional Musics in a Globalized World am Institut f\u00fcr Musik der Universit\u00e4t Osnabr\u00fcck.<\/td>\n<\/tr>\n<tr>\n<td>20.06.2014<\/td>\n<td>(mit Lena Respondek) \u201e\u00bbWenn Du das oft genug erlebt hast, dann arbeitest Du gezielt darauf hin, weil es so unheimlich sch\u00f6n ist.\u00ab Implizites Wissen und die Organisation musikalischen Erlebens\u201c, Vortrag bei der Tagung Auditive Wissenskulturen \u2013 Das Wissen klanglicher Praxis am Zentrum f\u00fcr Systematische Musikwissenschaft der Karl-Franzens-Universit\u00e4t Graz.<\/td>\n<\/tr>\n<tr>\n<td>22.05.2014<\/td>\n<td>\u201eSun Ra und die Verk\u00f6rperung des Weltalls\u201c, Laudatio anl\u00e4sslich des 100. Geburtstags von Sun Ra im Big Buttinsky, Osnabr\u00fcck.<\/td>\n<\/tr>\n<\/tbody>\n<\/table>\n","protected":false},"excerpt":{"rendered":"<p>Auswahl (selection) 21.10.2022 &#8222;Pop-Mainstream, Subkultur und der Kanon: Das Beispiel der Women\u00b4s Music der USA in den 1970er und 1980er Jahren&#8220; Parallelgesellschaften. 5. IASPM-D-A-CH-TAGUNG || 32. GFPM-TAGUNG, Wien, Austria. 30.10.2022 &#8222;Die Schallplattensammlung als Sediment kultureller und sozialer Werte? Werkstattbericht zur &hellip; <a href=\"https:\/\/www.schwetter.de\/blog\/?page_id=369\">Weiterlesen <span class=\"meta-nav\">&rarr;<\/span><\/a><\/p>\n","protected":false},"author":1,"featured_media":0,"parent":0,"menu_order":0,"comment_status":"closed","ping_status":"closed","template":"","meta":{"footnotes":""},"class_list":["post-369","page","type-page","status-publish","hentry"],"_links":{"self":[{"href":"https:\/\/www.schwetter.de\/blog\/index.php?rest_route=\/wp\/v2\/pages\/369","targetHints":{"allow":["GET"]}}],"collection":[{"href":"https:\/\/www.schwetter.de\/blog\/index.php?rest_route=\/wp\/v2\/pages"}],"about":[{"href":"https:\/\/www.schwetter.de\/blog\/index.php?rest_route=\/wp\/v2\/types\/page"}],"author":[{"embeddable":true,"href":"https:\/\/www.schwetter.de\/blog\/index.php?rest_route=\/wp\/v2\/users\/1"}],"replies":[{"embeddable":true,"href":"https:\/\/www.schwetter.de\/blog\/index.php?rest_route=%2Fwp%2Fv2%2Fcomments&post=369"}],"version-history":[{"count":11,"href":"https:\/\/www.schwetter.de\/blog\/index.php?rest_route=\/wp\/v2\/pages\/369\/revisions"}],"predecessor-version":[{"id":671,"href":"https:\/\/www.schwetter.de\/blog\/index.php?rest_route=\/wp\/v2\/pages\/369\/revisions\/671"}],"wp:attachment":[{"href":"https:\/\/www.schwetter.de\/blog\/index.php?rest_route=%2Fwp%2Fv2%2Fmedia&parent=369"}],"curies":[{"name":"wp","href":"https:\/\/api.w.org\/{rel}","templated":true}]}}